REPLACE INTO `rvs_category` (`rvs_category_id`, `category_name`, `category_sh_name`) VALUES ('17', 'Business', 'bs');
REPLACE INTO `rvs_charset` (`charset_id`, `charset_name`, `charset_value`, `xml_lang`) VALUES ('35', 'polish', 'iso-8859-2', 'pl');
REPLACE INTO `rvs_color` (`color_id`, `color_name`, `color_code`) VALUES ('67', 'Black', '000000');
REPLACE INTO `rvs_color_group` (`color_group_id`, `color_id`) VALUES ('13', '67');
REPLACE INTO `rvs_color_group_name` (`color_group_id`, `default_color_id`) VALUES ('13', '67');
REPLACE INTO `rvs_internal_page` (`internal_page_id`, `project_id`, `project_page_id`) VALUES ('b2226769f13aebe67f1dc3cb7348a9c5', '75f027961076edd2512739c7240c32db', 'd9fa0352f6673382e8a618c8b10f12bd');
REPLACE INTO `rvs_layout_template` (`layout_template_id`, `layout_template_name`, `layout_template_data`, `layout_template_desc`, `layout_template_preview`, `layout_template_head`, `layout_group_id`) VALUES ('2228f707064e1bb0f61cc3e43952e5ce', 'General style 6', '<!-- ####### LAYOUT CSS: MODIFY COLOR, FONT AND BOX SIZE HERE BUT DO NOT DELETE. ####### -->\r\n\r\n<style type=\"text/css\">\r\n.type20bulletpad{\r\n		padding:3px 3px 0px 3px;\r\n		text-align:center;\r\n}\r\n.type20head01{  \r\n		font-size:110%;\r\n		color:#8F7F63;\r\n		font-weight:bold;\r\n		padding:7px 3px 10px 3px;\r\n}\r\n.type20head02{  \r\n		font-size:110%;\r\n		color:#8F7F63;\r\n		font-weight:bold;\r\n		padding:0px 3px 7px 3px;\r\n}\r\n.type20line{\r\n		background-image:url(images/line.gif); \r\n		background-position: bottom; \r\n		background-repeat:repeat-x;\r\n		padding:5px 0px 10px 0px;\r\n		color:#535353;\r\n}\r\n.type20ex{background-color:#F0EDE2;\r\n}\r\n.type20bold{font-weight:bold;}\r\n</style>\r\n<!-- ########################### END CSS LAYOUT ###########################  -->\r\n<table cellpadding=\"2\" cellspacing=\"0\">\r\n		<tr>\r\n			<td align=\"left\" valign=\"top\">\r\n				<table cellpadding=\"0\" cellspacing=\"0\" width=\"100%\">\r\n					<tr>\r\n						<td align=\"left\" valign=\"top\">\r\n							<table cellpadding=\"0\" cellspacing=\"3\" width=\"100%\">\r\n								<tr>\r\n								  <td align=\"left\" valign=\"top\">\r\n									<table cellpadding=\"0\" cellspacing=\"0\" width=\"100%\">\r\n										<tr>\r\n										  <td align=\"left\" valign=\"top\"><img src=\"images/180x120.gif\" alt=\"\" width=\"180\" height=\"120\" /></td>\r\n										  <td align=\"left\" valign=\"top\"><img src=\"images/shadowimg.gif\" alt=\"\" width=\"5\" height=\"120\" /></td>\r\n									  </tr>\r\n									</table>\r\n								  </td>\r\n								  <td align=\"left\" valign=\"top\">\r\n									<div class=\"type20bold\">Lorem ipsum dolor sit amet</div>\r\n									<div>pro quo hic escorol. Olypian quarrels et gorilla congolium sic ad nauseum. Souvlaki ignitus carborundum e pluribus unum. Defacto lingo est igpay atinlay. Marquee selectus non provisio incongruous feline nolo contendre. Gratuitous octopus niacin, sodium glutimate. Quote meon an estimate et non pro quo hic escorol. Olypian quarrels et gorilla congolium sic ad nauseum. Souvlaki ignitus carborundum e pluribus unum. Defacto lingo est igpay atinlay. Marquee selectus non provisio incongruous feline nolo contendre.</div>\r\n								  </td>\r\n								</tr>\r\n							</table>\r\n						</td>\r\n					</tr>\r\n					<tr>\r\n						<td align=\"left\" valign=\"top\">\r\n							<table cellpadding=\"0\" cellspacing=\"3\" width=\"100%\">\r\n								<tr>\r\n								  <td align=\"left\" valign=\"top\">\r\n									<table cellpadding=\"0\" cellspacing=\"0\" width=\"100%\">\r\n										<tr>\r\n										  <td align=\"left\" valign=\"top\"><img src=\"images/180x120.gif\" alt=\"\" width=\"180\" height=\"120\" /></td>\r\n										  <td align=\"left\" valign=\"top\"><img src=\"images/shadowimg.gif\" alt=\"\" width=\"5\" height=\"120\" /></td>\r\n									  </tr>\r\n									</table>\r\n								  </td>\r\n								  <td align=\"left\" valign=\"top\">\r\n									<div class=\"type20bold\">Lorem ipsum dolor sit amet</div>\r\n									<div>pro quo hic escorol. Olypian quarrels et gorilla congolium sic ad nauseum. Souvlaki ignitus carborundum e pluribus unum. Defacto lingo est igpay atinlay. Marquee selectus non provisio incongruous feline nolo contendre. Gratuitous octopus niacin, sodium glutimate. Quote meon an estimate et non pro quo hic escorol. Olypian quarrels et gorilla congolium sic ad nauseum. Souvlaki ignitus carborundum e pluribus unum. Defacto lingo est igpay atinlay. Marquee selectus non provisio incongruous feline nolo contendre.</div>\r\n								  </td>\r\n								</tr>\r\n							</table>\r\n						</td>\r\n					</tr>\r\n				</table>\r\n			</td>\r\n			<td width=\"180\" align=\"left\" valign=\"top\">\r\n				<table cellpadding=\"0\" cellspacing=\"0\" width=\"100%\">\r\n					<tr>\r\n						<td align=\"left\" valign=\"top\">\r\n							<table cellpadding=\"0\" cellspacing=\"0\" width=\"100%\" class=\"type20ex\">\r\n								<tr>\r\n									<td align=\"left\" valign=\"top\" colspan=\"3\">\r\n										<table cellpadding=\"0\" cellspacing=\"0\" width=\"100%\"> \r\n										<tr>\r\n											<td align=\"left\" valign=\"top\"><img src=\"images/corner01.gif\" alt=\"\" width=\"8\" height=\"8\" /></td>\r\n											<td class=\"type20ex\" width=\"99%\"></td>\r\n											<td align=\"right\" valign=\"top\"><img src=\"images/corner02.gif\" alt=\"\" width=\"9\" height=\"8\" /></td>\r\n										</tr>\r\n										</table>\r\n									</td>\r\n								</tr>\r\n								<tr>\r\n									<td class=\"type20ex\"></td>\r\n									<td align=\"left\" valign=\"top\" width=\"99%\">\r\n										<table cellpadding=\"0\" cellspacing=\"0\" width=\"100%\" class=\"type20ex\">\r\n											<tr>\r\n											  	<td class=\"type20head02\" colspan=\"2\"> Lorem ipsum</td>\r\n											</tr>\r\n											<tr>\r\n											  	<td class=\"type20bulletpad\" valign=\"top\"><img src=\"images/bullet.gif\" alt=\"\" width=\"11\" height=\"11\" /></td>\r\n											  	<td align=\"left\" valign=\"top\" class=\"type20line\">\r\n											  	<div class=\"type20bold\">Lorem ipsum</div> \r\n											    <div>dolor sit amet, consetetur sadipscing elitr</div>\r\n												</td>\r\n											</tr>\r\n											<tr>\r\n											  	<td class=\"type20bulletpad\" valign=\"top\"><img src=\"images/bullet.gif\" alt=\"\" width=\"11\" height=\"11\" /></td>\r\n											  	<td align=\"left\" valign=\"top\" class=\"type20line\">\r\n											  	<div class=\"type20bold\">Lorem ipsum</div> \r\n											    <div>dolor sit amet, consetetur sadipscing elitr</div>\r\n												</td>\r\n											</tr>\r\n										</table>\r\n									</td>\r\n									<td class=\"type20ex\"></td>\r\n								</tr>\r\n								<tr>\r\n									<td align=\"left\" valign=\"bottom\"><img src=\"images/corner03.gif\" alt=\"\" width=\"8\" height=\"8\" /></td>\r\n									<td class=\"type20ex\"></td>\r\n									<td align=\"right\" valign=\"bottom\"><img src=\"images/corner04.gif\" alt=\"\" width=\"8\" height=\"8\" /></td>\r\n								</tr>\r\n							</table>\r\n						</td>\r\n					</tr>\r\n					<tr><td height=\"5\"></td></tr>\r\n					<tr>\r\n						<td align=\"left\" valign=\"top\">\r\n							<table cellpadding=\"0\" cellspacing=\"0\" width=\"100%\" class=\"type20ex\">\r\n								<tr>\r\n									<td align=\"left\" valign=\"top\"><img src=\"images/corner01.gif\" alt=\"\" width=\"8\" height=\"8\" /></td>\r\n									<td class=\"type20ex\" width=\"99%\"></td>\r\n									<td align=\"right\" valign=\"top\"><img src=\"images/corner02.gif\" alt=\"\" width=\"9\" height=\"8\" /></td>\r\n								</tr>\r\n								<tr>\r\n									<td class=\"type20ex\"></td>\r\n									<td align=\"left\" valign=\"top\">\r\n										<table cellpadding=\"0\" cellspacing=\"0\" width=\"100%\" class=\"type20ex\">\r\n											<tr>\r\n											  	<td class=\"type20head02\" colspan=\"2\" width=\"99%\"> Lorem ipsum</td>\r\n											</tr>\r\n											<tr>\r\n											  	<td class=\"type20bulletpad\" valign=\"top\"><img src=\"images/bullet.gif\" alt=\"\" width=\"11\" height=\"11\" /></td>\r\n											  	<td align=\"left\" valign=\"top\" class=\"type20line\">\r\n											  	<div class=\"type20bold\">Lorem ipsum</div> \r\n											    <div>dolor sit amet, consetetur sadipscing elitr</div>\r\n												</td>\r\n											</tr>\r\n											<tr>\r\n											  	<td class=\"type20bulletpad\" valign=\"top\"><img src=\"images/bullet.gif\" alt=\"\" width=\"11\" height=\"11\" /></td>\r\n											  	<td align=\"left\" valign=\"top\" class=\"type20line\">\r\n											  	<div class=\"type20bold\">Lorem ipsum</div> \r\n											    <div>dolor sit amet, consetetur sadipscing elitr</div>\r\n												</td>\r\n											</tr>\r\n										</table>\r\n									</td>\r\n									<td class=\"type20ex\"></td>\r\n								</tr>\r\n								<tr>\r\n									<td align=\"left\" valign=\"bottom\"><img src=\"images/corner03.gif\" alt=\"\" width=\"8\" height=\"8\" /></td>\r\n									<td class=\"type20ex\"></td>\r\n									<td align=\"right\" valign=\"bottom\"><img src=\"images/corner04.gif\" alt=\"\" width=\"8\" height=\"8\" /></td>\r\n								</tr>\r\n							</table>\r\n						</td>\r\n					</tr>\r\n				</table>\r\n			</td>\r\n		</tr>\r\n	</table>', '', 'b_layout06.jpg', '', '3');
REPLACE INTO `rvs_layout_group` (`layout_group_id`, `layout_group_name`, `layout_category_id`) VALUES ('3', 'general style', '1');
REPLACE INTO `rvs_navigator_name` (`navigator_name_id`, `navigator_name`) VALUES ('3', 'h_classic_button');
REPLACE INTO `rvs_navigator` (`navigator_id`, `menustyle_id`, `navigator_name_id`) VALUES ('293', '2', '29');
REPLACE INTO `rvs_project_page_out_seggestion` (`project_page_id`, `out_suggestion_id`) VALUES ('7a1760f3f64ef394d9c0eba857c284c6', '1');
REPLACE INTO `rvs_project_page_out_seggestion` (`project_page_id`, `out_suggestion_id`) VALUES ('ee9f552f6537f4ebb832c24cc510fbb5', '0');
REPLACE INTO `rvs_project_page_out_seggestion` (`project_page_id`, `out_suggestion_id`) VALUES ('d5a38f3afc2c98fc45548daaa5f227a8', '2');
REPLACE INTO `rvs_project_page_out_seggestion` (`project_page_id`, `out_suggestion_id`) VALUES ('d9fa0352f6673382e8a618c8b10f12bd', '3');
REPLACE INTO `rvs_out_suggestion` (`out_suggestion_id`, `out_suggestion_name`, `description_keylang`) VALUES ('1', 'Home', 'our suggestion Home description');
REPLACE INTO `rvs_out_suggestion` (`out_suggestion_id`, `out_suggestion_name`, `description_keylang`) VALUES ('2', 'About us', 'our suggestion About us description');
REPLACE INTO `rvs_out_suggestion` (`out_suggestion_id`, `out_suggestion_name`, `description_keylang`) VALUES ('3', 'News & Events', 'our suggestion News & Events description');
REPLACE INTO `rvs_picture` (`picture_id`, `picture_name`) VALUES ('266', 'business');
REPLACE INTO rvs_project (project_id,project_info_id,rvs_usr_id,project_name,project_directory,utf8format,project_footer) VALUES ('75f027961076edd2512739c7240c32db','e81b877d445f3959baf92ff86bad8384','96ffc588f66e8db259a9f4eb6d289858','energetyka','','1','<!-- add class=\"uk-footer-displayNone\" to display none -->\r\n<div class=\"uk-container uk-container-center rv-block-full\">\r\n    <div id=\"footerTemplate\" style=\"font-size:14px;\">\r\n        <div class=\"uk-container uk-container-center rvsb-bg-footer uk-footer-displayNone\" id=\"textinfoAndContactFooter\">\r\n            <div class=\"uk-grid\">\r\n                <div class=\"uk-width-small-1-2 uk-footer-displayNone\" id=\"textinfoFooter\">\r\n                    <h3 id=\"titleInformation\">Title text information</h3>\r\n                    <hr id=\"hrInformation\">\r\n                    <div id=\"contentInformation\" style=\"white-space: pre-wrap;\">This is an excellent place for you to add a paragraph and let your visitors know more about you and your services. Easily edit by go to tab pages and content and click edit.</div>\r\n                </div>\r\n                <div class=\"uk-width-small-1-2 uk-footer-displayNone\" id=\"contactFooter\">\r\n                    <h3 id=\"titleContact\">Contact Us</h3>\r\n                    <ul class=\"uk-list uk-list-space\" id=\"contactListFooter\">\r\n                        <li id=\"liAddressFooter\">\r\n                            <div class=\"tableFrame\">\r\n                                 <div class=\"tableCell\"><span class=\"uk-icon-justify uk-icon-map-marker\"></span></div> \r\n                                 <div class=\"tableCell\"><span id=\"addressContactFooter\">Your address</span></div> \r\n                            </div>\r\n                        </li>\r\n                        <li id=\"liPhoneFooter\">\r\n                            <div class=\"tableFrame\">\r\n                                 <div class=\"tableCell\"><span class=\"uk-icon-justify uk-icon-phone\"></span></div>\r\n                                 <div class=\"tableCell\"><span id=\"phoneContactFooter\">(123) 456-7890</span></div>\r\n                            </div>    \r\n                        </li>\r\n                        <li id=\"liEmailFooter\">\r\n                            <div class=\"tableFrame\">\r\n                                <div class=\"tableCell\"><span class=\"uk-icon-justify uk-icon-envelope-o\"></span></div>\r\n                                <div class=\"tableCell\"><span id=\"emailContactFooter\">email@yourdomain.com</span></div>\r\n                            </div>\r\n                        </li>\r\n                    </ul>\r\n                    <div class=\"uk-clearfix\"></div>\r\n                    <div id=\"divgooglemapFooter\" class=\"uk-footer-displayNone\">\r\n                        <div id=\"google_maps_footer\"></div>\r\n                    </div>\r\n                </div>\r\n            </div>\r\n        </div>    \r\n            \r\n        <div class=\"uk-container uk-container-center rvsb-bg-footer\">\r\n            <div class=\"uk-grid\" id=\"socailandcopyright\">\r\n                <div class=\"uk-width-small-1-2 uk-text-center-small\" id=\"socailFooter\">\r\n                    <a cmdhref=\"#\" class=\"uk-icon-button uk-icon-facebook\" target=\"\"></a>\r\n                    <a cmdhref=\"#\" class=\"uk-icon-button uk-icon-twitter\" target=\"\"></a>\r\n                    <a cmdhref=\"\" class=\"uk-icon-button uk-icon-google-plus\" target=\"\"></a>\r\n                    <a cmdhref=\"\" class=\"uk-icon-button uk-icon-instagram\" target=\"\"></a>\r\n                </div>\r\n                <div class=\"uk-width-small-1-2 uk-text-right uk-text-center-small\" id=\"copyrightFooter\">© 2021 Company Inc. All rights reserved.</div>\r\n            </div>    \r\n        </div>\r\n        <div class=\"uk-container uk-container-center rvsb-bg-footer\">\r\n            <div class=\"uk-text-center\" id=\"sitemapFooter\">\r\n                <a href=\"\" class=\"sitemapFooterLink\" target=\"\">Home</a> |\r\n                <a href=\"\" class=\"sitemapFooterLink\" target=\"\">About Us</a> |\r\n                <a href=\"\" class=\"sitemapFooterLink\" target=\"\">News &amp; Event</a> |\r\n                <a href=\"\" class=\"sitemapFooterLink\" target=\"\">Download</a> |\r\n                <a href=\"\" class=\"sitemapFooterLink\" target=\"\">Links</a> |\r\n                <a href=\"\" class=\"sitemapFooterLink\" target=\"\">Contact Us</a>\r\n            </div>\r\n        </div>\r\n        <div id=\"getDetailNavigator\" cmdalign=\"uk-align-left\" cmdtextalign=\"\" cmdhiddennav=\"\" cmdhiddensubmenu=\"\"></div>\r\n        <div id=\"getContentWidth\" cmdwidth=\"\"></div>\r\n    </div>\r\n</div>');
REPLACE INTO `rvs_project_info` (`project_info_id`, `template_item_id`, `font_id`, `navigator_id`, `rvs_category_id`, `charset_id`, `project_company`, `project_slogan`, `project_logo`, `project_title`, `project_keyword`, `project_description`, `project_domain`, `check_step`, `effect_site_enter`, `duration_site_enter`, `last_update`, `layout_template_id`, `i_pathway`, `i_mail`, `i_print`, `i_favorite`, `no_slogan`, `no_company_name`, `navigator_name_id`, `is_member_page`) VALUES ('e81b877d445f3959baf92ff86bad8384', '3c66c2be9fba4edfd8f24740b56938d7', '15', 'efc77acdeccb2067344d3105722b1d9c', '17', '35', '', '', 'NOPIC', '', '', '', 'smarthome.bydgoszcz.pl', '5', NULL, NULL, '1613318747', '2228f707064e1bb0f61cc3e43952e5ce', '1', '1', '1', '1', '0', '0', '3', '0');
REPLACE INTO `rvs_project_layout_page` (`project_id`, `project_page_id`, `parent_project_page_id`, `priority`, `is_home`) VALUES ('75f027961076edd2512739c7240c32db', '7a1760f3f64ef394d9c0eba857c284c6', '0', '2', '0');
REPLACE INTO `rvs_project_layout_page` (`project_id`, `project_page_id`, `parent_project_page_id`, `priority`, `is_home`) VALUES ('75f027961076edd2512739c7240c32db', 'ee9f552f6537f4ebb832c24cc510fbb5', '0', '1', '1');
REPLACE INTO `rvs_project_layout_page` (`project_id`, `project_page_id`, `parent_project_page_id`, `priority`, `is_home`) VALUES ('75f027961076edd2512739c7240c32db', 'd5a38f3afc2c98fc45548daaa5f227a8', '0', '3', '0');
REPLACE INTO rvs_project_page (project_page_id,rvs_usr_id,page_name,custom_page_name,rvs_component_id,page_data,page_data_zone_2,page_data_zone_3,page_data_zone_4,colume_width_1,colume_width_2,colume_width_3,rvs_layout_id,head,page_title,meta_keyword,meta_description,effect_page_enter,duration_page_enter,meta_page_effect,rvs_link_id,target,form_template_id,i_pathway,i_mail,i_print,i_favorite,last_modifier,link_active,page_type,blank_page,set_draft,is_member_page) VALUES ('7a1760f3f64ef394d9c0eba857c284c6','96ffc588f66e8db259a9f4eb6d289858','O mnie','O_mnie','0','<!-- wysiwyg get data cannot delete id=layout_zone1 -->\n<div class=\"uk-container uk-container-center rv-block-full\"><style style=\"\">\n.rv-crop-img  {\n    max-height:240px;\n    overflow:hidden;\n} \n</style> 	\n \n <div>\n        <div class=\"uk-container uk-container-center rv-block-full\">\n            <div class=\"uk-grid\" data-uk-grid-margin=\"\">\n                <div class=\"uk-width-1-1 design-block uk-row-first\" rv-layout=\"100\">\n                    <div class=\"layoutfix\">\n                        <div id=\"editable_area_content\" class=\"editable_area designBlock ui-sortable\"> \n                        \n                        <!-- b1 -->\n                        <div class=\"mg\">\n                            <div class=\"uk-container uk-container-center rv-block-full\"> <!-- Set Row Full width must use class  of Design block -->\n                               <div class=\"rvsb_design_block bgContent\"> <div class=\"navMenu-blockMainSetting navMenuAll\" style=\"display: none;\">     <div class=\"handledMove\" style=\"cursor:move;\" title=\"Move\"><span></span></div>     <div class=\"handledRemove\" style=\"cursor:pointer;\" onclick=\"RVwys.uikit.blockprop.remove(this);\" onmouseover=\"$(this).attr(\'title\',rvLang(\'Delete Section\'))\" title=\"Usuń sekcję\">     <span></span>     </div>     <div class=\"handledClone\" style=\"cursor:pointer;\" onmouseover=\"$(this).attr(\'title\',rvLang(\'Duplicate Section\'))\" onclick=\"RVwys.uikit.blockprop.clone(this);\" title=\"Powiel sekcję\">     <span></span>     </div>     <div class=\"handledrowParallax\" style=\"cursor:pointer;\" onmouseover=\"$(this).attr(\'title\',rvLang(\'Edit Section\'))\" onclick=\"RVwys.uikit.blockprop.rowParallax(this);\" title=\"Edit Section\">     <span></span>     </div>  </div>  <!-- Set Background of Design block -->\n                                   <div class=\"uk-container uk-container-center\"> <!-- Set Full width must use class rv-block-full of Design block -->\n                                       <div class=\"uk-grid ui-sortable\" data-uk-grid-margin=\"\">\n                                          <div class=\"uk-width-medium-1-2 uk-row-first\" style=\"\">\n                                              <div class=\"RVWYSIWYGAREA editorCurrentActive\" id=\"editable_area_custom093c2a5baceb0fc471a95168de24416d\"><h3 style=\"margin-bottom:5px;\">rzeczoznawca majątkowy</h3><div>Zbigniew Kozłowski</div><div>Bydgoszcz<history></history></div> \n                                              </div>  \n                                          </div>\n                                          \n                                          <div class=\"uk-row-first\"></div>\n                                       </div>\n                                   </div>\n                               </div>\n                            </div>  \n                        </div>\n                        <!-- b1 -->\n                        \n                        \n                        \n                        \n                        \n                        \n                        <!-- b3 -->\n                        \n                        <!-- b3 -->\n                        \n                        \n                       \n                         \n                        </div><!--editable_area_content -->    \n                    </div><!-- End layoutfix -->          \n                </div> <!-- End rv-layout=100 -->\n            </div><!-- End uk-grid -->\n        </div><!-- End uk-container uk-container-center -->\n     </div><!-- End bgContent  --></div>',NULL,NULL,NULL,NULL,NULL,NULL,'0',NULL,NULL,NULL,NULL,NULL,NULL,NULL,'','','',NULL,NULL,NULL,NULL,'1613319395',NULL,NULL,'0','0','0');
REPLACE INTO rvs_project_page (project_page_id,rvs_usr_id,page_name,custom_page_name,rvs_component_id,page_data,page_data_zone_2,page_data_zone_3,page_data_zone_4,colume_width_1,colume_width_2,colume_width_3,rvs_layout_id,head,page_title,meta_keyword,meta_description,effect_page_enter,duration_page_enter,meta_page_effect,rvs_link_id,target,form_template_id,i_pathway,i_mail,i_print,i_favorite,last_modifier,link_active,page_type,blank_page,set_draft,is_member_page) VALUES ('ee9f552f6537f4ebb832c24cc510fbb5','96ffc588f66e8db259a9f4eb6d289858','Strona główna','Strona_główna','0','\n\n\n\n<!-- wysiwyg get data cannot delete id=layout_zone1 -->\n<div class=\"uk-container uk-container-center rv-block-full\"><style>\n.rv-crop-img  {\n    max-height:185px;\n    overflow:hidden;\n} \n</style>	\n \n    <div>\n        <div class=\"uk-container uk-container-center rv-block-full\"> \n            <div class=\"uk-grid\" data-uk-grid-margin=\"\">\n                <div class=\"uk-width-1-1 design-block uk-row-first\" rv-layout=\"100\">\n                    <div class=\"layoutfix\">\n                        <div id=\"editable_area_content\" class=\"editable_area designBlock ui-sortable\"><div class=\"mg\">\n        <div class=\"uk-container uk-container-center rv-block-full\"> <!-- Set Row Full width must use class  of Design block -->\n           <div class=\"rvsb_design_block bgContent\"> <div class=\"navMenu-blockMainSetting navMenuAll\" style=\"display: none;\">     <div class=\"handledMove\" style=\"cursor:move;\" title=\"Move\"><span></span></div>     <div class=\"handledRemove\" style=\"cursor:pointer;\" onclick=\"RVwys.uikit.blockprop.remove(this);\" onmouseover=\"$(this).attr(\'title\',rvLang(\'Delete Section\'))\" title=\"\">     <span></span>     </div>     <div class=\"handledClone\" style=\"cursor:pointer;\" onmouseover=\"$(this).attr(\'title\',rvLang(\'Duplicate Section\'))\" onclick=\"RVwys.uikit.blockprop.clone(this);\" title=\"Duplicate Section\">     <span></span>     </div>     <div class=\"handledrowParallax\" style=\"cursor:pointer;\" onmouseover=\"$(this).attr(\'title\',rvLang(\'Edit Section\'))\" onclick=\"RVwys.uikit.blockprop.rowParallax(this);\" title=\"Edit Section\">     <span></span>     </div>  </div>  <!-- Set Background of Design block -->\n               <div class=\"uk-container uk-container-center \"> <!-- Set Full width must use class  of Design block -->\n                 <div class=\"uk-grid ui-sortable\" data-uk-grid-margin=\"\">\n                    <div class=\"uk-width-small-1-6 uk-row-first\" style=\"position: relative;\">\n                        <div id=\"editable_area_custom43f9ef3b2f15238eb470ab86c33c650b0\" data-ph=\"Editable Area. Backspace tab to remove this block.\" class=\"RVWYSIWYGAREA areaCustom\">\n                            <p class=\"rv-text-center\"><img src=\"https://s1.o12.pl:2083{IMAGE_URL}/1613319432362rvcopy_1613319430.jpg?n=1613319661555set\" class=\"uk-border-circle\" style=\"\"></p>\n                        </div>\n                    </div>\n                    <div class=\"uk-width-small-5-6\" style=\"position: relative;\">\n                        <div id=\"editable_area_custom43f9ef3b2f15238eb470ab86c33c650b1\" data-ph=\"Editable Area. Backspace tab to remove this block.\" class=\"RVWYSIWYGAREA areaCustom\">\n                            <h2 style=\"text-align: center;\"><font style=\"font-size: 24px;\">Wycena nieruchomości</font></h2><div style=\"text-align: center;\"><b><font style=\"font-size: 22px;\" color=\"#5c18e0\" class=\"\">Rzeczoznawca majątkowy</font></b></div><div style=\"text-align: center;\"><b><font style=\"\" color=\"#5c18e0\" class=\"\">Zbigniew Kozłowski</font></b></div><div style=\"text-align: center;\"><b><font style=\"\" color=\"#5c18e0\" class=\"\">Tel. 604 846 158</font></b></div><div><br></div>\n                        </div>\n                    </div>\n                    <div class=\"uk-grid-margin uk-row-first\"></div>\n                 </div>\n                </div>\n            </div>\n         </div>\n        </div><div class=\"mg\">\n        <div class=\"uk-container uk-container-center rv-block-full\"> <!-- Set Row Full width must use class  of Design block -->\n           <div class=\"rvsb_design_block bgContent\"> <div class=\"navMenu-blockMainSetting navMenuAll\" style=\"display: none;\">     <div class=\"handledMove\" style=\"cursor:move;\" title=\"Move\"><span></span></div>     <div class=\"handledRemove\" style=\"cursor:pointer;\" onclick=\"RVwys.uikit.blockprop.remove(this);\" onmouseover=\"$(this).attr(\'title\',rvLang(\'Delete Section\'))\" title=\"\">     <span></span>     </div>     <div class=\"handledClone\" style=\"cursor:pointer;\" onmouseover=\"$(this).attr(\'title\',rvLang(\'Duplicate Section\'))\" onclick=\"RVwys.uikit.blockprop.clone(this);\" title=\"Duplicate Section\">     <span></span>     </div>     <div class=\"handledrowParallax\" style=\"cursor:pointer;\" onmouseover=\"$(this).attr(\'title\',rvLang(\'Edit Section\'))\" onclick=\"RVwys.uikit.blockprop.rowParallax(this);\" title=\"Edit Section\">     <span></span>     </div>  </div>  <div class=\"navMenu-blockMainSetting navMenuAll\" style=\"display: none;\">     <div class=\"handledMove\" style=\"cursor:move;\" title=\"Move\"><span></span></div>     <div class=\"handledRemove\" style=\"cursor:pointer;\" onclick=\"RVwys.uikit.blockprop.remove(this);\" onmouseover=\"$(this).attr(\'title\',rvLang(\'Delete Section\'))\" title=\"\">     <span></span>     </div>     <div class=\"handledClone\" style=\"cursor:pointer;\" onmouseover=\"$(this).attr(\'title\',rvLang(\'Duplicate Section\'))\" onclick=\"RVwys.uikit.blockprop.clone(this);\" title=\"Duplicate Section\">     <span></span>     </div>     <div class=\"handledrowParallax\" style=\"cursor:pointer;\" onmouseover=\"$(this).attr(\'title\',rvLang(\'Edit Section\'))\" onclick=\"RVwys.uikit.blockprop.rowParallax(this);\" title=\"Edit Section\">     <span></span>     </div>  </div>  <div class=\"navMenu-blockMainSetting navMenuAll\" style=\"display: none;\">     <div class=\"handledMove\" style=\"cursor:move;\" title=\"Move\"><span></span></div>     <div class=\"handledRemove\" style=\"cursor:pointer;\" onclick=\"RVwys.uikit.blockprop.remove(this);\" onmouseover=\"$(this).attr(\'title\',rvLang(\'Delete Section\'))\" title=\"\">     <span></span>     </div>     <div class=\"handledClone\" style=\"cursor:pointer;\" onmouseover=\"$(this).attr(\'title\',rvLang(\'Duplicate Section\'))\" onclick=\"RVwys.uikit.blockprop.clone(this);\" title=\"Duplicate Section\">     <span></span>     </div>     <div class=\"handledrowParallax\" style=\"cursor:pointer;\" onmouseover=\"$(this).attr(\'title\',rvLang(\'Edit Section\'))\" onclick=\"RVwys.uikit.blockprop.rowParallax(this);\" title=\"Edit Section\">     <span></span>     </div>  </div>  <!-- Set Background of Design block -->\n               <div class=\"uk-container uk-container-center \"> <!-- Set Full width must use class  of Design block -->\n                 <div class=\"uk-grid-margin\"></div> \n                 <div class=\"uk-grid ui-sortable\">\n                    \n\n                 </div>\n             </div>\n            </div>\n         </div>\n        </div></div><!--editable_area_content -->    \n                    </div><!-- End layoutfix -->          \n                </div> <!-- End rv-layout=100 -->\n            </div><!-- End uk-grid -->\n        </div><!-- End uk-container uk-container-center -->\n     </div><!-- End bgContent  --></div>',NULL,NULL,NULL,NULL,NULL,NULL,'0',NULL,NULL,NULL,NULL,NULL,NULL,NULL,'','','',NULL,NULL,NULL,NULL,'1613319662',NULL,NULL,'0','0','0');
REPLACE INTO rvs_project_page (project_page_id,rvs_usr_id,page_name,custom_page_name,rvs_component_id,page_data,page_data_zone_2,page_data_zone_3,page_data_zone_4,colume_width_1,colume_width_2,colume_width_3,rvs_layout_id,head,page_title,meta_keyword,meta_description,effect_page_enter,duration_page_enter,meta_page_effect,rvs_link_id,target,form_template_id,i_pathway,i_mail,i_print,i_favorite,last_modifier,link_active,page_type,blank_page,set_draft,is_member_page) VALUES ('d5a38f3afc2c98fc45548daaa5f227a8','96ffc588f66e8db259a9f4eb6d289858','Oferta','Oferta','0','<style>\r\n.rv-crop-img  {\r\n    max-height:185px;\r\n    overflow:hidden;\r\n} \r\n</style> \r\n            \r\n	<div>\r\n        <div class=\"uk-container uk-container-center rv-block-full\"> \r\n            <div class=\"uk-grid\" data-uk-grid-margin>\r\n                <div class=\"uk-width-1-1 design-block\" rv-layout=\"100\">\r\n                    <div class=\"layoutfix\">\r\n                        <div id=\"editable_area_content\" class=\"editable_area\">     \r\n                        <div class=\"mg\">\r\n                            <div class=\"uk-container uk-container-center rv-block-full\"> <!-- Set Row Full width must use class  of Design block -->\r\n                               <div class=\"rvsb_design_block bgContent\"> <!-- Set Background of Design block -->\r\n                                   <div class=\"uk-container uk-container-center\"> <!-- Set Full width must use class rv-block-full of Design block -->\r\n                                       <div class=\"uk-grid\" data-uk-grid-margin>\r\n                                          <div class=\"uk-width-small-1-1\">\r\n                                              <div class=\"RVWYSIWYGAREA\">\r\n                                                  <div class=\"rv-panel-box\">\r\n                                                      <h1 class=\"rv-text-center\"><b>YOUR TITLE HERE</b></h1>                                  \r\n                                                  </div>\r\n                                              </div>  \r\n                                          </div>\r\n                                       </div>\r\n                                   </div>\r\n                               </div>\r\n                            </div>\r\n                        </div>\r\n                   \r\n                        <!-- b1 -->\r\n                        <div class=\"mg\">\r\n                            <div class=\"uk-container uk-container-center rv-block-full\"> <!-- Set Row Full width must use class  of Design block -->\r\n                              	<div class=\"rvsb_design_block bgContent\"> <!-- Set Background of Design block -->\r\n                                  	<div class=\"uk-container uk-container-center\"> <!-- Set Full width must use class rv-block-full of Design block -->\r\n                                      	<div class=\"uk-grid\" data-uk-grid-margin>\r\n                                      \r\n                                             <div class=\"uk-width-small-1-1\">\r\n                                                     <div class=\"tm-grid-truncate uk-grid uk-grid-divider uk-text-center\" data-uk-grid-margin=\"\">\r\n                                                         <div class=\"uk-width-medium-1-3 uk-row-first\">\r\n                                                             <div class=\"RVWYSIWYGAREA\">\r\n                                                                 <div class=\"rv-panel-box\">\r\n                                                                     <div class=\"rv-text-center rv-crop-img\"><img  src=\"images/mrh_300x200/otherimage/solidstockart-stock-photo-beautiful-young-woman-with-w-1016755.jpg\"></div>\r\n                                                                     <h3 class=\"rv-text-center rv-widget-title\">Add your own text or <br>description here</h3>\r\n                                                                     <p class=\"rv-text-center\"><font style=\"font-size:14px;\">Your Title Here </font></p> \r\n                                                                 </div>   \r\n                                                             </div>  \r\n                                                         </div>\r\n                                                         <div class=\"uk-width-medium-1-3\">\r\n                                                             <div class=\"RVWYSIWYGAREA\">\r\n                                                                 <div class=\"rv-panel-box\">\r\n                                                                     <div class=\"rv-text-center rv-crop-img\"><img  src=\"images/mrh_300x200/otherimage/solidstockart-stock-photo-dog-getting-claws-trimmed-by-1079578.jpg\"></div>\r\n                                                                     <h3 class=\"rv-text-center rv-widget-title\">Add your own text or <br>description here</h3>\r\n                                                                     <p class=\"rv-text-center\"><font style=\"font-size:14px;\">Your Title Here </font></p> \r\n                                                                 </div>       \r\n                                                             </div>  \r\n                                                         </div>\r\n                                                         <div class=\"uk-width-medium-1-3\">\r\n                                                             <div class=\"RVWYSIWYGAREA\">\r\n                                                                 <div class=\"rv-panel-box\">\r\n                                                                     <div class=\"rv-text-center rv-crop-img\"><img  src=\"images/mrh_300x200/otherimage/solidstockart-stock-photo-business-team-drafting-in-st-1241062.jpg\"></div>\r\n                                                                     <h3 class=\"rv-text-center rv-widget-title\">Add your own text or <br>description here</h3>\r\n                                                                     <p class=\"rv-text-center\"><font style=\"font-size:14px;\">Your Title Here </font></p> \r\n                                                                 </div>         \r\n                                                             </div>\r\n                                                         </div>\r\n                                                     </div>\r\n                                                     <hr class=\"uk-grid-divider\">\r\n                                                 </div>\r\n                                                 \r\n                                             </div>\r\n                                       </div>\r\n                                  </div>\r\n                              </div>\r\n                        </div>\r\n                        <!-- b1 -->\r\n                        \r\n                        <!-- b2 -->\r\n                        <div class=\"mg\">\r\n                            <div class=\"uk-container uk-container-center rv-block-full\"> <!-- Set Row Full width must use class  of Design block -->\r\n                               <div class=\"rvsb_design_block bgContent\"> <!-- Set Background of Design block -->\r\n                                   <div class=\"uk-container uk-container-center\"> <!-- Set Full width must use class rv-block-full of Design block -->\r\n                                       <div class=\"uk-grid\" data-uk-grid-margin>\r\n                                    \r\n                                           <div class=\"uk-width-small-1-1\">\r\n                                                   <div class=\"tm-grid-truncate uk-grid uk-grid-divider uk-text-center\" data-uk-grid-margin=\"\">\r\n                                                       <div class=\"uk-width-medium-1-3 uk-row-first\">\r\n                                                           <div class=\"RVWYSIWYGAREA\">\r\n                                                               <div class=\"uk-panel rv-panel-box\">\r\n                                                                   <div class=\"rv-text-center rv-crop-img\"><img  src=\"images/mrh_300x200/otherimage/solidstockart-stock-photo-father-and-son-on-a-fishing--1217801.jpg\"></div>\r\n                                                                   <h3 class=\"rv-text-center rv-widget-title\">Add your own text or <br>description here</h3>\r\n                                                                   <p class=\"rv-text-center\"><font style=\"font-size:14px;\">Your Title Here </font></p> \r\n                                                               </div>   \r\n                                                           </div>  \r\n                                                       </div>\r\n                                                       <div class=\"uk-width-medium-1-3\">\r\n                                                           <div class=\"RVWYSIWYGAREA\">\r\n                                                               <div class=\"rv-panel-box\">\r\n                                                                   <div class=\"rv-text-center rv-crop-img\"><img  src=\"images/mrh_300x200/otherimage/solidstockart-stock-photo-couple-consulting-salesman-f-1243097.jpg\"></div>\r\n                                                                   <h3 class=\"rv-text-center rv-widget-title\">Add your own text or <br>description here</h3>\r\n                                                                   <p class=\"rv-text-center\"><font style=\"font-size:14px;\">Your Title Here </font></p> \r\n                                                               </div>       \r\n                                                           </div>  \r\n                                                       </div>\r\n                                                       <div class=\"uk-width-medium-1-3\">\r\n                                                           <div class=\"RVWYSIWYGAREA\">\r\n                                                               <div class=\"rv-panel-box\">\r\n                                                                   <div class=\"rv-text-center rv-crop-img\"><img  src=\"images/mrh_300x200/otherimage/solidstockart-stock-photo-italian-pizza-with-pepperoni-1543426.jpg\"></div>\r\n                                                                   <h3 class=\"rv-text-center rv-widget-title\">Add your own text or <br>description here</h3>\r\n                                                                   <p class=\"rv-text-center\"><font style=\"font-size:14px;\">Your Title Here </font></p> \r\n                                                               </div>         \r\n                                                           </div>\r\n                                                       </div>\r\n                                                   </div>\r\n                                                   <div class=\"uk-grid-margin\"></div>\r\n                                                   \r\n                                               </div>\r\n                                               \r\n                                           </div>\r\n                                     </div>\r\n                                </div>\r\n                            </div>\r\n                        </div>\r\n                        <!-- b2 -->\r\n                        \r\n                        <!-- b3 -->\r\n                        <div class=\"mg\">\r\n                            <div class=\"uk-container uk-container-center rv-block-full\"> <!-- Set Row Full width must use class  of Design block -->\r\n                               <div class=\"rvsb_design_block bgContent\"> <!-- Set Background of Design block -->\r\n                                   <div class=\"uk-container uk-container-center\"> <!-- Set Full width must use class rv-block-full of Design block -->\r\n                                       <div class=\"uk-grid uk-grid-collapse\" data-uk-grid-margin>\r\n                                          <div class=\"uk-width-medium-1-1\">\r\n                                              <div class=\"RVWYSIWYGAREA\">\r\n                                                  <div class=\"rv-text-center\"><img  src=\"images/lrh_800x200/otherimage/solidstockart-stock-photo-interior-of-modern-comfortab-1346556.jpg\"></div>\r\n                                              </div>  \r\n                                          </div>\r\n                                          <div class=\"uk-grid-margin\"></div>\r\n                                       </div>\r\n                                   </div>\r\n                               </div>\r\n                            </div>\r\n                        </div>\r\n                        <!-- b3 -->\r\n                        \r\n                         \r\n                        </div><!--editable_area_content -->    \r\n                    </div><!-- End layoutfix -->          \r\n                </div> <!-- End rv-layout=100 -->\r\n            </div><!-- End uk-grid -->\r\n        </div><!-- End uk-container uk-container-center -->\r\n     </div><!-- End bgContent  -->',NULL,NULL,NULL,NULL,NULL,NULL,'0',NULL,NULL,NULL,NULL,NULL,NULL,NULL,'','','',NULL,NULL,NULL,NULL,NULL,NULL,NULL,'0','0','0');
REPLACE INTO rvs_project_page (project_page_id,rvs_usr_id,page_name,custom_page_name,rvs_component_id,page_data,page_data_zone_2,page_data_zone_3,page_data_zone_4,colume_width_1,colume_width_2,colume_width_3,rvs_layout_id,head,page_title,meta_keyword,meta_description,effect_page_enter,duration_page_enter,meta_page_effect,rvs_link_id,target,form_template_id,i_pathway,i_mail,i_print,i_favorite,last_modifier,link_active,page_type,blank_page,set_draft,is_member_page) VALUES ('d9fa0352f6673382e8a618c8b10f12bd','96ffc588f66e8db259a9f4eb6d289858','Privacy Policy','','0','<div>\r\n	<div class=\"uk-container uk-container-center rv-block-full\">\r\n		<div class=\"uk-grid\" data-uk-grid-margin>\r\n			<div class=\"uk-width-1-1 design-block\" rv-layout=\"100\">\r\n				<div class=\"layoutfix\">\r\n					<div id=\"editable_area_content\" class=\"editable_area\">\r\n\r\n						<div class=\"mg\">\r\n							<div class=\"uk-container uk-container-center\">\r\n								<!-- Set Row Full width must use class  of Design block -->\r\n								<div class=\"rvsb_design_block bgContent\">\r\n									<!-- Set Background of Design block -->\r\n									<div class=\"uk-container uk-container-center\">\r\n										<!-- Set Full width must use class rv-block-full of Design block -->\r\n										<div class=\"uk-grid\" data-uk-grid-margin>\r\n											<div class=\"uk-width-small-1-1\">\r\n												<div class=\"RVWYSIWYGAREA\">\r\n\r\n\r\n													<div class=\"rv-panel-box\">\r\n														<h2 class=\"rv-widget-title\">\r\n															<b>1.Introduction</b>\r\n														</h2>\r\n														<p style=\"text-indent: 30px\">Introduction Privacy\r\n															Policy describes the treatment of information we collect\r\n															from and about you when you visit our website\r\n															(mydomainname.com). Our Privacy Policy tells you how we\r\n															collect, use and protect your information; and what\r\n															choices you have about how your information. By using\r\n															website, you agree to the terms and conditions of this\r\n															Privacy Policy and consent to our collection, use and\r\n															disclosure of your personal information in the manner set\r\n															out below.</p>\r\n														<p style=\"text-indent: 30px\">If you have any questions\r\n															or concerns regarding this policy, please contact us at\r\n															privacy@mydomainname.com.\r\n														</p>\r\n														\r\n														<h2 class=\"rv-widget-title\">2.What information do we collect?</h2>\r\n														<p style=\"text-indent: 30px\">We collect non-personal\r\n															information which mainly consists of technical and\r\n															aggregated usage information, such as ‘click’ activity on\r\n															the Services, session and scrolls, non-identifying\r\n															information regarding the device, operating system,\r\n															internet browser, screen resolution, language and\r\n															keyboard settings, internet service provider,\r\n															referring/exit pages, date/time stamps, etc. </p>\r\n															\r\n															<p style=\"text-indent: 30px\">We collect the Personal \r\n															Information such as contact details; e-mail\r\n															address, phone number, billing details; name, physical\r\n															billing address, payment method and transaction details,\r\n															details regarding a browsing or usage session (IP\r\n															address, Geo-location and/or device unique identifier),\r\n															details regarding connected third party accounts such as\r\n															the e-mail or username for a connected PayPal and any\r\n															other Personal Information provided to us through the\r\n															access to and/or use of the Services. For the avoidance\r\n															of doubt, any Non-personal Information that is connected\r\n															or linked to Personal Information (for example, in order\r\n															to improve the Services we offer) is deemed and treated\r\n															by us as Personal Information.</p>\r\n														\r\n														<h2 class=\"rv-widget-title\">3.How do we use this information?</h2>\r\n														<p style=\"text-indent: 30px\">We may use the Personal\r\n															Information provided by you to allow you to interact with\r\n															us on our sites such as Product Purchase and Community,\r\n															provide you the Paid Services you purchase with us, send\r\n															you the payment information and methods, keep track on\r\n															troubleshoot progress you request, and improve our\r\n															website to have the effective content for you and\r\n															well-displayed for your device.</p>\r\n\r\n														<h2 class=\"rv-widget-title\">4.Storage and Transfer of Data</h2>\r\n														<p style=\"text-indent: 30px\">All the information you\r\n															provide may be processed and stored, transferred or\r\n															accessed by our staffs for billing, support, community\r\n															purposes. We will take steps to ensure that your data is\r\n															treated securely and in accordance with this Privacy\r\n															Policy.</p>\r\n\r\n														<h2 class=\"rv-widget-title\">5.How long we retain your data?</h2>\r\n														<p style=\"text-indent: 30px\">In general, we will retain\r\n															your personal data as long as it is needed for the\r\n															services and support. Personal Information may also be\r\n															contained in backup files which we keep for information\r\n															security purposes and regularly delete when the backup\r\n															period is over. We will keep your Personal Information as\r\n															long as you are holding active status with us, until you\r\n															ask us to stop and erase it.</p>\r\n\r\n														<h2 class=\"rv-widget-title\">6.Your Right</h2>\r\n														<p style=\"text-indent: 30px\">You’re entitled to be\r\n															informed that your Personal Information will be collected\r\n															by us as explained above. You can ask for your Personal\r\n															Information, support conversation, community posts and\r\n															comments, to be exported for your use, and to permanently\r\n															remove from our company.</p>\r\n\r\n														<h2 class=\"rv-widget-title\">7.Contact Us</h2>\r\n														If you have any questions or concerns regarding this\r\n														policy, please contact us at privacy@mydomainname.com. Or\r\n														\r\n														<h2 class=\"rv-widget-title\">Address</h2>\r\n\r\n\r\n													</div>\r\n\r\n												</div>\r\n											</div>\r\n											<div class=\"uk-grid-margin\"></div>\r\n										</div>\r\n									</div>\r\n								</div>\r\n							</div>\r\n						</div>\r\n\r\n\r\n\r\n\r\n					</div>\r\n				</div>\r\n			</div>\r\n		</div>\r\n	</div>\r\n</div>',NULL,NULL,NULL,NULL,NULL,NULL,'0',NULL,NULL,NULL,NULL,NULL,NULL,NULL,'','','',NULL,NULL,NULL,NULL,NULL,NULL,NULL,'0','0','0');
REPLACE INTO `rvs_publish` (`project_id`, `rvs_publish_protocal`, `rvs_publish_domain`, `rvs_publish_path`, `rvs_domain_path`) VALUES ('75f027961076edd2512739c7240c32db', 'http', 'wycena.smarthome.bydgoszcz.pl', '', '/home/smarthom/wycena.smarthome.bydgoszcz.pl');
REPLACE INTO `rvs_template_item` (`template_item_id`, `products_id`, `template_id`, `template_item_folder`, `template_type_s_preview`, `color_id`, `picture_id`) VALUES ('3c66c2be9fba4edfd8f24740b56938d7', '17-865-1', '3c66c2be9fba4edfd8f24740b56938d7', 'pro_17-865-1_black_Business_2', 'jpg', '67', '266');
REPLACE INTO `rvs_template_item_navigator_color` (`template_item_id`, `custom_color_group_id`) VALUES ('3c66c2be9fba4edfd8f24740b56938d7', '0');
REPLACE INTO `rvs_template` (`template_id`, `default_template_item_id`, `default_template_item_id2`, `font_id`, `menustyle_id`, `navigator_id`, `default_layout_id`, `sort_priority`, `cdate`) VALUES ('3c66c2be9fba4edfd8f24740b56938d7', '3c66c2be9fba4edfd8f24740b56938d7', '', '12', '2', '293', '', '200', '1477008000');
REPLACE INTO `rvs_menustyle` (`menustyle_id`, `menustyle_description`) VALUES ('2', 'horizontal');
REPLACE INTO `rvs_template_categories_xref` (`template_id`, `rvs_category_id`) VALUES ('3c66c2be9fba4edfd8f24740b56938d7', '17');
REPLACE INTO `rvs_template_type_xref` (`template_id`, `template_type_id`) VALUES ('3c66c2be9fba4edfd8f24740b56938d7', '6');
REPLACE INTO `rvs_template_type` (`template_type_id`, `template_type_name`) VALUES ('6', 'Clean');
REPLACE INTO rvs_usr (rvs_usr_id,user_name,charset_id) VALUES ('96ffc588f66e8db259a9f4eb6d289858','smarthom','35');
